 -2. Let k be j/(-2 + -1) - 2. Give m(k).
1
Suppose -5*j + 3*b + 7 = -0, 5*b = 2*j + 1. Let t(g) = 1 + 15*g**j + 2*g**3 - 13*g**2 + 1. Suppose 2*y - 21 = 5*a, y + 3*a + 29 = 12. Determine t(y).
-6
Let s(y) = -y**2 + 5*y + 2. Let c(t) = 2*t**2 - 14*t - 152. Let o be c(-6). Give s(o).
6
Let m(t) = -t**3 - 2*t**2 - 3*t - 2. Suppose 5*v = -3*k - 6, 5*k + v - 71 = -81. Calculate m(k).
4
Let f be (-1)/(-4) + (-14)/(-8). Let h(t) = -4*t + 26. Suppose 5*z + 45 + 40 = 0. Let s(y) = -y + 9. Let r(u) = z*s(u) + 6*h(u). Give r(f).
-11
Suppose 2*j - 13 = -4*z + 7, -2*j - 3*z = -20. Let x(t) = 3*t**2 - j - 2*t**2 + 7*t - t + 8. What is x(-5)?
-7
Let g be (1 - 7/3)*-3. Suppose -o = -g, 5*o = 4*w - 6*w + 50. Let z be (-9)/w + 6/10. Let h(m) = m**2 + 2. Determine h(z).
2
Suppose -6*o + o = -5. Let h(m) be the second derivative of 0 + m - 13/6*m**3 + 1/2*m**2. Determine h(o).
-12
Let i(r) = -8*r**2 + 4*r - 3. Let t(s) = -s**3 - 6*s**2 - 7*s + 6. Let w be t(-4). What is i(w)?
-27
Let i(m) = 12*m - 1. Let x = 95 + -97. Calculate i(x).
-25
Let p(f) = -f**2 + 4*f + 8. Let a be p(4). Suppose -4*r - v = v - a, 5*v = -3*r + 6. Let t(d) = -2*d**2 + d. Calculate t(r).
-6
Let a(h) = h**2 + 2*h - 2. Suppose -3*d + 0*d = m - 6, 3*d + 12 = 5*m. Let z = 49 - 46. Suppose 6 = m*j - y - z*y, 0 = 3*y. Give a(j).
6
Let a(u) be the second derivative of u**8/6720 + u**7/360 - 7*u**6/720 - u**5/12 - 11*u**4/3 + 44*u. Let s(k) be the third derivative of a(k). Determine s(-8).
-18
Suppose 0 = 3*n - 1399 + 1387. Let d(k) = k**3 - 2*k**2 - 9*k + 14. Determine d(n).
10
Let n(d) = d**3 - 5*d**2 + 7*d - 4. Suppose 2*o - 61 = -5*f, -24 = -2*f - 0*o - o. Suppose -f*j + 14*j = 4. Give n(j).
8
Let k(h) = 2*h - 4. Let o(c) = 3*c - 4. Let v(m) = -6*k(m) + 5*o(m). Let t = 117 + -114. Suppose -t*s - 27 = -9. Give v(s).
-14
Let j(v) be the first derivative of v**2/2 + v + 148. Calculate j(-3).
-2
Let s be 10*(1 + 0) + -14. Let f(d) = -d**3 - 5*d**2 + 1. Calculate f(s).
-15
Suppose -4 = 2*g, -4*g - 4 = 5*c + 4. Let m(j) be the second derivative of 1/6*j**3 - 38*j + 0 - j**2. Give m(c).
-2
Let h(i) = 5*i**3 + 3*i**2 + 4*i. Let w(n) = -6*n**3 - 4*n**2 - 5*n. Let d(s) = 7*h(s) + 6*w(s). Determine d(-4).
24
Let n(d) be the second derivative of d**3/3 + 3*d**2/2 + 9*d. Let b be 11/(-6) - 7/42. Calculate n(b).
-1
Let v(w) = w + 5. Suppose 0 = 5*x + 4 + 16. Let m be v(x). Let b be -3 - ((-1 - 2) + m). Let a(g) = -5*g**2 + 2*g + 1. Give a(b).
-6
Let p(s) = 3*s**3 + s**2 - 4*s + 29. Let a(h) = 2*h**3 + h**2 - 3*h + 22. Let v(z) = 4*a(z) - 3*p(z). Let y be (2*2)/(6 + -4). Calculate v(y).
-3
Let d(c) = -3*c**3 - 6*c**2 - c + 1. Let k(l) = 4*l**3 + 7*l**2 - 1. Let b(m) = -3*d(m) - 2*k(m). Let f be (-7)/(-2) + -2 - (-180)/(-40). Determine b(f).
-1
Let r(w) be the second derivative of -w**4/6 - w**3/3 - 173*w + 2. Calculate r(-6).
-60
Let m(o) be the third derivative of o**5/60 - o**4/12 - o**3/2 + 2*o**2. Let k be 3/4 - (147/(-28) + 2). Calculate m(k).
5
Let k(r) = -r**2 - 2. Let h(l) = -l**2 - 4*l. Let m be h(0). Let j be k(m). Let g(w) = w**3 + 3*w**2 + w - 2. Give g(j).
0
Let m be 2/(-3)*3/2. Let g(p) be the second derivative of p**3/6 + p. Let n(z) = -7*z**3 + z**2 - 4*z + 1. Let h(w) = 5*g(w) + n(w). What is h(m)?
8
Let j(m) = -m**2 + 13*m + 99. Let i be j(-6). Let z(d) = -d**3 - 16*d**2 - 16*d - 8. Give z(i).
7
Let v(r) = -r**3 + r**2 + 5. Let q = 9 + -2. Suppose -3*x - 3 = 4*z, 0 = -3*z + q*z + 2*x + 2. What is v(z)?
5
Let b be (-4)/(-22) + (-24)/11. Let m be (-28)/13 + 0 + b/(-13). Let h(j) = 2*j**2 - 2*j - 2. Determine h(m).
10
Let j be (-9 - 1) + (-48)/(-8). Let o(k) = k**3 + 5*k**2 + 9*k + 22. Calculate o(j).
2
Let q(c) = -c**2 + c. Suppose 5*z = 4*n + 3*z + 14, -2*n = -3*z + 9. Let m be (0 + -1)*(-6 + n). Suppose 0 = -14*f + m*f. What is q(f)?
0
Suppose 6*f - 2*f + d = 28, -2*f = 3*d - 14. Let h(s) = 13*s - 7. Let m(a) = 70*a - 35. Let l(n) = -11*h(n) + 2*m(n). Calculate l(f).
-14
Let f(i) = -48 + 47*i**2 + 8*i - 54*i**2 + 46 - i**3. Calculate f(-8).
-2
Let i(p) = -p**3 + p**2. Let r(j) = 12*j**3 - 6*j**2 + j - 1. Let m(o) = 5*i(o) + r(o). Let h be (-9)/6*4/(-6). Suppose 3*f - 2 - h = 0. Determine m(f).
6
Suppose 9*y - 10 - 8 = 0. Let b(k) = -8 - 4 + 1 + 6 + y*k. Give b(6).
7
Let b(s) = -s**3 + 7*s**2 - 5*s - 5. Let v(i) = i**2 - i - 1. Let f(z) = -b(z) + 3*v(z). Let u(y) = -3*y**3. Suppose 3*x = 6*x + 3. Let g be u(x). What is f(g)?
-1
Let p(b) be the third derivative of b**6/360 - b**5/15 + b**4/12 + 7*b**3/6 - 31*b**2. Let u(d) be the first derivative of p(d). Calculate u(6).
-10
Let t = -1 - -5. Let u = -6 + t. Let a(b) = b**3 - 73*b**2 + 1 - 66*b**2 + 140*b**2 - 2*b. Determine a(u).
1
Let m(y) = y**2 + 6*y - 6. Suppose 21*z = 975 - 1227. Give m(z).
66
Suppose 3*r + 5 - 23 = 0. Let s(d) = -4*d - r*d - 2*d**2 + d + 5*d - 3. Suppose -18 = 5*v + t, -4*t - 7 = -v + 2. Determine s(v).
-9
Let d be 5 - -2 - (-12)/(-3). Let u(y) = -4 - 4*y**2 + 6*y + 6*y**d - 3*y**2 - 5*y**3. Determine u(6).
-4
Let b(q) = -13*q + 3. Let g(l) = -48 + 2*l + 102 - 9*l - 52. Let f(d) = 6*b(d) - 11*g(d). Give f(-7).
3
Let y(t) = t**3 + 5*t**2 + 4*t - 5. Let p be ((-4)/2 - -7) + 0. Suppose -4*g - 3 = -2*m + p, 5*g = 2*m - 12. Give y(g).
-5
Suppose -5 = 4*i + 3. Let j = 78 - 63. Let t be (-6)/(-9)*j/i. Let u(n) = n**2 + 5*n + 4. Give u(t).
4
Let o(w) be the first derivative of 4*w**3/3 + 5*w**2/2 + 773. Calculate o(-1).
-1
Let k(h) = 3*h - 6. Let u(m) = 13*m - 25. Let c(s) = 9*k(s) - 2*u(s). Let g be c(2). Let i(d) = -d**3 - 6*d**2 - 4*d - 2. Give i(g).
-10
Suppose 4*z + 5*v - 81 = 0, -2*z - 4*v + 35 = -7*v. Let d(q) = -q - 2*q + 24 - 45 + z. Give d(-6).
16
Let u(x) = 26*x - 322. Let y be u(13). Let h(o) = -o**2 + 17*o - 13. Determine h(y).
3
Let b(y) be the third derivative of y**5/10 + y**4/24 + y**3/6 - 11*y**2. Let j be b(-1). Let d(n) = -n**3 + 6*n**2 + n. What is d(j)?
6
Let h(z) be the third derivative of -z**4/24 - z**3/2 + z**2 + 50. Give h(4).
-7
Let a(p) be the third derivative of p**6/20 - p**5/60 + p**3/6 - 5*p**2 + 54*p. Calculate a(2).
45
Let n(m) = -14*m**2 + 15*m - 63. Let w(l) = 5*l**2 - 5*l + 22. Let r(c) = -6*n(c) - 17*w(c). Calculate r(-6).
-2
Let a(y) = -y**2 - 1. Suppose -4*q = 3*p - 2, p + 11*q - 9*q - 2 = 0. Calculate a(p).
-5
Let c(k) be the second derivative of -k**4/12 + 4*k**3/3 - 8*k**2 - 6*k - 1. Calculate c(3).
-1
Let h(w) be the third derivative of -w**4/12 - 2*w**3/3 - 20*w**2 + w. Suppose 0 = 2*s - 3*s - 5. Give h(s).
6
Let k = 602 + -591. Let l(d) = d**2 - 12*d + 6. Give l(k).
-5
Suppose 2*q + 24 = -q. Let g(f) = 8*f - 74. Let i be g(8). Let z = i - q. Let h(x) = 3*x**2 + 3*x. Give h(z).
6
Let k(h) = 3*h + 10 - h**2 + 2*h**2 - 11 + 3. Let t be (36/(-42))/(1/7). Let c = t - -4. Determine k(c).
0
Let n be 63/35 + (-2)/(-10). Let q(i) be the second derivative of -i**5/10 + i**3/2 - i**2/2 + 2*i - 6. What is q(n)?
-11
Suppose -11*r = -220 - 0. Let z = 3 - 1. Let v(g) = -r*g**2 + 5 - 22*g**2 + 43*g**z + g. Determine v(0).
5
Let v(h) = h**2 + 22*h - 7. Let f(l) = -2*l + 1. Let z(g) = 5*f(g) + v(g). Give z(-13).
11
Let x(w) = -9*w**2 - 9*w - 5. Let l(q) = 5*q**2 + 4*q + 2. Let d(h) = -5*l(h) - 3*x(h). Let i be (-598)/143 - (-2)/11. Calculate d(i).
9
Suppose 0 = -4*p - 5*n - 47, 22 = -4*p - 2*n - 16. Let h(y) = -20*y**2 + 2 + 19*y**2 - 5*y + 7 - 3*y. Give h(p).
9
Let x(m) = m**3 + 12*m**2 + 9*m + 15. Let p be -1 + 235/(-25) - (-39)/(-65). Give x(p).
37
Let k(d) be the first derivative of -d**6/120 + d**5/15 - d**4/8 + d**3/3 - d**2/2 - 15. Let z(p) be the second derivative of k(p). Give z(3).
2
Let w(o) = -3*o**3 + o. Let u be (272/24 - 11)*3. Calculate w(u).
-2
Let n(d) be the third derivative of d**6/120 + 2*d**5/15 + d**4/4 + d**3/6 - 17*d**2 - 2. Determine n(-7).
8
Let t be (-14)/(-2) + (-5 - -2). Let j(m) = 6*m**2 + 5 - 48*m - m**3 + 0*m**2 + 41*m. Calculate j(t).
9
Let d(v) = -5*v**2 + 1. Suppose -2*u + 5 = -3*c, -2*u + 5*c + 12 = 5. Calculate d(u).
-4
Let d(j) = -4*j**3 - j**2 - 263*j + 264*j + 8*j**3. Give d(1).
4
Let o = -8 + 3. Let i(p) = 3*p**2 + 16*p + 2. Let l(a) = 2*a**2 + 11*a + 1. Let s(f) = o*i(f) + 7*l(f). Let t be (-4)/(-3)*(2 + -5). What is s(t)?
-7
Let g(m) = 5*m - 3*m + 8 - 1. Suppose l - u = 4*l - 47, 5*u = -l + 25. Suppose l = 8*z - 11*z. What is g(z)?
-3
Let t be 5 - (-1